{"id":2756,"date":"2020-05-18T10:10:04","date_gmt":"2020-05-18T10:10:04","guid":{"rendered":"https:\/\/muzicon.themerex.net\/?post_type=cpt_portfolio&#038;p=2756"},"modified":"2022-11-26T23:09:46","modified_gmt":"2022-11-26T23:09:46","slug":"portes-dentree-en-bois","status":"publish","type":"cpt_portfolio","link":"https:\/\/www.raamprofiel.be\/fr\/portefeuille-2\/portes-dentree-en-bois\/","title":{"rendered":"Portes d&#039;entr\u00e9e en bois"},"content":{"rendered":"<h3 class=\"wp-block-heading\"><a href=\"https:\/\/www.raamprofiel.be\/wp-admin\/post.php?post=2759&amp;action=edit\">Portes coulissantes en bois<\/a><\/h3>\n\n\n\n<p>Dicta sunt explicabo. Nemo enim ipsam voluptatem quia voluptas sit aspernatur aut odit aut fugit, sed quia. L&#039;\u00e9lite adipeuse sed do eiusmod tempor incididunt ut labore et dolore magna aliqua.<\/p>\n\n\n\n<figure class=\"wp-block-gallery has-nested-images columns-default is-cropped wp-block-gallery-1 is-layout-flex wp-block-gallery-is-layout-flex\">\n<figure class=\"wp-block-image size-large\"><img fetchpriority=\"high\" decoding=\"async\" width=\"1024\" height=\"768\" data-id=\"21936\" src=\"https:\/\/www.raamprofiel.be\/media\/2022\/10\/image-23-1024x768.jpg\" alt=\"\" class=\"wp-image-21936\" srcset=\"https:\/\/www.raamprofiel.be\/media\/2022\/10\/image-23-1024x768.jpg 1024w, https:\/\/www.raamprofiel.be\/media\/2022\/10\/image-23-300x225.jpg 300w, https:\/\/www.raamprofiel.be\/media\/2022\/10\/image-23-768x576.jpg 768w, https:\/\/www.raamprofiel.be\/media\/2022\/10\/image-23-1536x1152.jpg 1536w, https:\/\/www.raamprofiel.be\/media\/2022\/10\/image-23-370x278.jpg 370w, https:\/\/www.raamprofiel.be\/media\/2022\/10\/image-23-840x630.jpg 840w, https:\/\/www.raamprofiel.be\/media\/2022\/10\/image-23-410x308.jpg 410w, https:\/\/www.raamprofiel.be\/media\/2022\/10\/image-23-600x450.jpg 600w, https:\/\/www.raamprofiel.be\/media\/2022\/10\/image-23.jpg 1920w\" sizes=\"(max-width: 1024px) 100vw, 1024px\" \/><\/figure>\n\n\n\n<figure class=\"wp-block-image size-large\"><img decoding=\"async\" data-id=\"22058\" src=\"https:\/\/www.raamprofiel.be\/media\/2022\/10\/image-46-1024x732.jpg\" alt=\"\" class=\"wp-image-22058\"\/><\/figure>\n<\/figure>\n\n\n\n<p>Dicta sunt explicabo. Nemo enim ipsam voluptatem quia voluptas sit aspernatur aut odit aut fugit, sed quia. Nemo enim ipsam voluptatem quia voluptas sit aspernatur aut odit aut fugit, sed quia. Dicta sunt explicabo. \u00c9lite adipeuse, sed do eiusmod tempor incididunt ut labore et dolore magna aliqua. Ut enim ad veniam quis nostrud exercice enim ullamco. Nemo magna ipsam <span class=\"has-inline-color has-text-hover-color\">Voluptatem Quia Voluptas.<\/span><\/p>\n\n\n\n<div class=\"wp-block-columns is-layout-flex wp-container-core-columns-is-layout-9d6595d7 wp-block-columns-is-layout-flex\">\n<div class=\"wp-block-column is-layout-flow wp-block-column-is-layout-flow\">\n<p>Dicta sunt explicabo. Nemo enim ipsam voluptatem quia voluptas sit aspernatur aut odit aut fugit, sed quia. Nemo enim ipsam voluptatem quia voluptas sit aspernatur aut odit aut fugit, sed quia.<\/p>\n\n\n\n<h5 class=\"wp-block-heading\">Excepteur sint occaecat cupidatat<\/h5>\n\n\n\n<p>Dicta sunt explicabo. Nemo enim ipsam voluptatem quia voluptas sit aspernatur aut odit aut fugit, sed dolore sed do magna quia.<\/p>\n\n\n\n<h5 class=\"wp-block-heading\">Duis aute irure dolor in reprehenderit<\/h5>\n\n\n\n<p>Dicta sunt explicabo. Nemo enim ipsam voluptatem quia voluptas sit aspernatur aut odit aut fugit, sed quia. Dicta sunt explicabo.<\/p>\n<\/div>\n\n\n\n<div class=\"wp-block-column is-layout-flow wp-block-column-is-layout-flow\">\n<div style=\"height:10px\" aria-hidden=\"true\" class=\"wp-block-spacer\"><\/div>\n\n\n\n<figure class=\"wp-block-image size-large\"><img decoding=\"async\" src=\"https:\/\/www.raamprofiel.be\/media\/2022\/10\/image-44-1024x683.jpg\" alt=\"\" class=\"wp-image-22056\"\/><\/figure>\n<\/div>\n<\/div>","protected":false},"excerpt":{"rendered":"<p>Nous rendons int\u00e9ressante la diffusion de votre publicit\u00e9 en ligne ou \u00e0 la t\u00e9l\u00e9vision. Consultez la pr\u00e9sentation commerciale, ainsi que notre application de publicit\u00e9s sur les r\u00e9seaux sociaux.<\/p>","protected":false},"author":1,"featured_media":21956,"comment_status":"closed","ping_status":"closed","template":"","cpt_portfolio_group":[197],"class_list":["post-2756","cpt_portfolio","type-cpt_portfolio","status-publish","has-post-thumbnail","hentry","cpt_portfolio_group-projects"],"_links":{"self":[{"href":"https:\/\/www.raamprofiel.be\/fr\/wp-json\/wp\/v2\/cpt_portfolio\/2756","targetHints":{"allow":["GET"]}}],"collection":[{"href":"https:\/\/www.raamprofiel.be\/fr\/wp-json\/wp\/v2\/cpt_portfolio"}],"about":[{"href":"https:\/\/www.raamprofiel.be\/fr\/wp-json\/wp\/v2\/types\/cpt_portfolio"}],"author":[{"embeddable":true,"href":"https:\/\/www.raamprofiel.be\/fr\/wp-json\/wp\/v2\/users\/1"}],"replies":[{"embeddable":true,"href":"https:\/\/www.raamprofiel.be\/fr\/wp-json\/wp\/v2\/comments?post=2756"}],"version-history":[{"count":0,"href":"https:\/\/www.raamprofiel.be\/fr\/wp-json\/wp\/v2\/cpt_portfolio\/2756\/revisions"}],"wp:featuredmedia":[{"embeddable":true,"href":"https:\/\/www.raamprofiel.be\/fr\/wp-json\/wp\/v2\/media\/21956"}],"wp:attachment":[{"href":"https:\/\/www.raamprofiel.be\/fr\/wp-json\/wp\/v2\/media?parent=2756"}],"wp:term":[{"taxonomy":"cpt_portfolio_group","embeddable":true,"href":"https:\/\/www.raamprofiel.be\/fr\/wp-json\/wp\/v2\/cpt_portfolio_group?post=2756"}],"curies":[{"name":"wp","href":"https:\/\/api.w.org\/{rel}","templated":true}]}}

Portes d&#039;entrée en bois

<h3 class="wp-block-heading"><a href="https://www.raamprofiel.be/wp-admin/post.php?post=2759&amp;action=edit">Portes coulissantes en bois</a></h3>



<p>Dicta sunt explicabo. Nemo enim ipsam voluptatem quia voluptas sit aspernatur aut odit aut fugit, sed quia. L&#039;élite adipeuse sed do eiusmod tempor incididunt ut labore et dolore magna aliqua.</p>



<figure class="wp-block-gallery has-nested-images columns-default is-cropped wp-block-gallery-1 is-layout-flex wp-block-gallery-is-layout-flex">
<figure class="wp-block-image size-large"><img fetchpriority="high" decoding="async" width="1024" height="768" data-id="21936" src="https://www.raamprofiel.be/media/2022/10/image-23-1024x768.jpg" alt="" class="wp-image-21936" srcset="https://www.raamprofiel.be/media/2022/10/image-23-1024x768.jpg 1024w, https://www.raamprofiel.be/media/2022/10/image-23-300x225.jpg 300w, https://www.raamprofiel.be/media/2022/10/image-23-768x576.jpg 768w, https://www.raamprofiel.be/media/2022/10/image-23-1536x1152.jpg 1536w, https://www.raamprofiel.be/media/2022/10/image-23-370x278.jpg 370w, https://www.raamprofiel.be/media/2022/10/image-23-840x630.jpg 840w, https://www.raamprofiel.be/media/2022/10/image-23-410x308.jpg 410w, https://www.raamprofiel.be/media/2022/10/image-23-600x450.jpg 600w, https://www.raamprofiel.be/media/2022/10/image-23.jpg 1920w" sizes="(max-width: 1024px) 100vw, 1024px" /></figure>



<figure class="wp-block-image size-large"><img decoding="async" data-id="22058" src="https://www.raamprofiel.be/media/2022/10/image-46-1024x732.jpg" alt="" class="wp-image-22058"/></figure>
</figure>



<p>Dicta sunt explicabo. Nemo enim ipsam voluptatem quia voluptas sit aspernatur aut odit aut fugit, sed quia. Nemo enim ipsam voluptatem quia voluptas sit aspernatur aut odit aut fugit, sed quia. Dicta sunt explicabo. Élite adipeuse, sed do eiusmod tempor incididunt ut labore et dolore magna aliqua. Ut enim ad veniam quis nostrud exercice enim ullamco. Nemo magna ipsam <span class="has-inline-color has-text-hover-color">Voluptatem Quia Voluptas.</span></p>



<div class="wp-block-columns is-layout-flex wp-container-core-columns-is-layout-9d6595d7 wp-block-columns-is-layout-flex">
<div class="wp-block-column is-layout-flow wp-block-column-is-layout-flow">
<p>Dicta sunt explicabo. Nemo enim ipsam voluptatem quia voluptas sit aspernatur aut odit aut fugit, sed quia. Nemo enim ipsam voluptatem quia voluptas sit aspernatur aut odit aut fugit, sed quia.</p>



<h5 class="wp-block-heading">Excepteur sint occaecat cupidatat</h5>



<p>Dicta sunt explicabo. Nemo enim ipsam voluptatem quia voluptas sit aspernatur aut odit aut fugit, sed dolore sed do magna quia.</p>



<h5 class="wp-block-heading">Duis aute irure dolor in reprehenderit</h5>



<p>Dicta sunt explicabo. Nemo enim ipsam voluptatem quia voluptas sit aspernatur aut odit aut fugit, sed quia. Dicta sunt explicabo.</p>
</div>



<div class="wp-block-column is-layout-flow wp-block-column-is-layout-flow">
<div style="height:10px" aria-hidden="true" class="wp-block-spacer"></div>



<figure class="wp-block-image size-large"><img decoding="async" src="https://www.raamprofiel.be/media/2022/10/image-44-1024x683.jpg" alt="" class="wp-image-22056"/></figure>
</div>
</div>

<p>Nous rendons intéressante la diffusion de votre publicité en ligne ou à la télévision. Consultez la présentation commerciale, ainsi que notre application de publicités sur les réseaux sociaux.</p>
